 the units digit of j(s)?
5
Suppose 3*h = -h + 20. What is the units digit of h?
5
Let b(y) = 2*y - 1 + 12 - y. Let k be b(-6). Suppose -2*v = -0*h + k*h - 17, 12 = -3*v. What is the units digit of h?
5
Suppose -4*a = -5*a + 4. Suppose 3*o + 12 = a*o. What is the units digit of o?
2
Suppose -190 - 356 = -7*s. What is the tens digit of s?
7
Let t(p) = -p**3 - 10*p**2 + 10*p - 13. Let y be t(-11). Let i be ((-4)/6)/(1/3). What is the units digit of 2*(y - 11/i)?
7
Suppose d = 1 + 1. Suppose -2*a + l = -21, 0 + 10 = d*l. What is the units digit of a?
3
Suppose -92 = -u - u. What is the units digit of 3/(-2) + u/4?
0
Suppose 4*w = 2*w + 10, -5*o = -w + 20. Let x(h) = 2*h + 10. What is the units digit of x(o)?
4
What is the units digit of 54 + 2 - (-1)/(-1)?
5
Let m(a) = -a**2 - 14*a - 28. Let r be m(-12). Let k(w) = 7 + 4*w**2 + 3*w**3 - 2*w**3 - 3. What is the units digit of k(r)?
4
Suppose 4*m = -2*k - 0*m + 6, -6 = -3*k - 5*m. What is the units digit of k/3*(-2 + 1)?
1
Suppose -2*w = -6 - 0. Suppose -37 = -w*v + 2. What is the tens digit of v?
1
What is the units digit of ((-248)/(-12))/2*(-2 - -5)?
1
Suppose -9*l + 416 = -376. What is the units digit of l?
8
Let q(v) = 4*v + 3. Let z(f) = -f - 1. Let c(l) = -q(l) - 5*z(l). Suppose 2*t = -2*a - 10, 4*a - 5*t - 18 = 2*a. What is the units digit of c(a)?
1
Suppose 5*s - 14*s = -504. What is the tens digit of s?
5
Suppose d = -2*y - y + 93, 3*y = 4*d - 447. What is the units digit of d?
8
Let u = 3 + -1. Let g(r) = 4*r**u + 6*r**2 - 2*r**2 + 5*r**2. What is the tens digit of g(-1)?
1
Let i = -34 - -47. Let b = i + -2. What is the tens digit of b?
1
Let z be (-305)/15*6/(-2). Suppose 5*o - 2*w - 102 = 0, 4*o - 2*w - z - 21 = 0. What is the tens digit of o?
2
Let i(y) = 3*y**2 - 3*y + 4. Let h(d) = 3*d**2 - 2*d + 3. Let z(f) = 4*h(f) - 3*i(f). Let m be z(1). Suppose -m*x + 0 = -4. What is the units digit of x?
1
Suppose -3*t = -2*t - 28. What is the units digit of (9/(-6))/((-6)/t)?
7
Suppose -4*g + 352 = -268. What is the tens digit of g?
5
Let m(q) be the first derivative of -q**4/4 - 8*q**3/3 + 7*q**2/2 - 8*q - 7. Let g = 14 + -23. What is the units digit of m(g)?
0
Let a(f) = -f**2 + 2*f + 4. Let w be a(6). Suppose 0 = -5*y - u - 58, -u - 4*u - 37 = 2*y. Let h = y - w. What is the units digit of h?
9
Suppose -n = -0 - 2. What is the units digit of n?
2
Let c(t) = -t**3 + 2*t**2 - t + 32. What is the tens digit of c(0)?
3
Let c be (-1)/(2/6 - 0). Let w = 5 + c. What is the units digit of w?
2
Let q(h) = h**3 - 5*h**2 + 4*h + 4. Suppose -2*s = -14 + 4. What is the tens digit of q(s)?
2
Let n be (1 - 4)*(-4)/1. Suppose -5*w + 2 = 5*u - 3, -4*w = 2*u. Suppose 0 = u*r + 4, 3*j + 2*r - n = -j. What is the units digit of j?
4
Suppose 2*z = 5*z + 33. Let h = 23 + z. What is the units digit of h?
2
Suppose -1524 = -4*s - 2*s. What is the tens digit of s?
5
Suppose 0 = -4*v + v - 81. Let m = v - -52. What is the units digit of m?
5
Let k = 117 + 185. What is the tens digit of k?
0
What is the tens digit of 326/6 - -2*(-1)/6?
5
Suppose 2*y + 3*j - 370 = 5*j, 5*y = 4*j + 927. What is the tens digit of y?
8
Suppose -2*i + 204 = q + 3*q, 4*i + q = 394. What is the tens digit of i?
9
Let y(a) = -7*a + 6*a**2 + 11 - 2*a**3 + 3*a**3 - 7. Let i be y(-7). Suppose i*t - z - 60 = -4*z, -4*z + 38 = 3*t. What is the tens digit of t?
1
Suppose 3*v = a + 9, 0 = -a - 4*a + 2*v + 7. Suppose -2*m + 5*j + 52 = 0, 5*j = a*m - 28 - 60. What is the units digit of m?
6
Let c(i) = 51*i**2 - 1. What is the tens digit of c(1)?
5
Let m be (-1*4 - -3)*-6. Suppose -2*h = -m - 6. What is the units digit of h?
6
Let d be (-8 - -6) + 2*1. Suppose 3*t + 0*t - 24 = d. What is the units digit of t?
8
Let f be -1*(0 + 2) - -3. What is the units digit of (-8 - f)/(9/(-6))?
6
Let c = 9 - 5. Suppose -3*x = x + 12, c*s = -2*x + 10. What is the units digit of s?
4
Let g = 13 + 139. What is the tens digit of g?
5
Let p = -9 - -8. Let l be (-33)/7 - (-2)/(-7). What is the units digit of 10 + (2 - (p - l))?
8
What is the tens digit of 135 + (-2 - (-4 - -3)) + -2?
3
Let r = -32 - -23. Let m = r - -16. What is the units digit of m?
7
Suppose 3*h - 504 = -4*h. What is the tens digit of h?
7
Suppose 6*l = 2*l + 272. What is the tens digit of l?
6
What is the tens digit of ((-184)/(-10))/(4/10)?
4
Let i(c) = 4 + 8*c - 3 + 1 + 7. What is the tens digit of i(5)?
4
Suppose 5*z - 15 = 165. What is the units digit of z?
6
Let h = 9 - 7. Let z be 94/18 - h/9. Suppose -2*n - 6 = -z*n. What is the units digit of n?
2
Let b(m) = -4*m + 3. What is the units digit of b(-8)?
5
Suppose -4 + 22 = 3*d. Let q = -4 + d. What is the units digit of q?
2
Let t(s) = 8 + 8*s + s**2 - 2*s - 2. Let v = -7 + 2. What is the units digit of t(v)?
1
Suppose -o = -t + 82, 320 = 2*t + 2*t - 2*o. Suppose 3*v = -0*v + t. What is the tens digit of v?
2
Suppose -2*w - 337 = -5*l, -5*w + 20 = -0*w. What is the tens digit of l?
6
Let o(q) = -q. Let u be o(3). What is the units digit of u + 4*(-5)/(-2)?
7
Let q be 21 - (0 - 2) - -3. Let p = q + -14. What is the tens digit of p?
1
Let w be ((-64)/12)/((-2)/3). Suppose -w*r = -5*r. Suppose r = -x - 2*x + 15. What is the units digit of x?
5
Let v be 1 + (0 - -1)/(-1). Suppose v = -4*f + 2*f - 22. Let i = f - -21. What is the units digit of i?
0
Suppose 3*h = -11 + 26. Let k = -7 + 10. Suppose -4*a = -k*a - h. What is the units digit of a?
5
Suppose 0 = -t - 3*t + 44. What is the tens digit of t?
1
Let z = 1014 - 696. What is the tens digit of z?
1
Suppose -f = 21 - 85. What is the units digit of f?
4
Suppose i = -i + 144. What is the units digit of i?
2
What is the units digit of 67 + (-20)/4 - (5 + -2)?
9
Suppose -185 = -4*s - 41. Let w = -22 + s. Suppose 0 = -3*p - w + 53. What is the units digit of p?
3
Let l be ((-285)/20)/((-1)/4). Let o be 3/(-18) + l/18. Suppose 9 - 54 = -o*v. What is the units digit of v?
5
Suppose -c = -2*l - 0*c + 648, c = -5*l + 1634. What is the units digit of l?
6
Let t(f) = 0 - 1 + 7 + 2*f. What is the tens digit of t(9)?
2
Suppose -4*k = -74 - 26. What is the tens digit of k?
2
Suppose 4 + 1 = -5*c. What is the units digit of (-3 + c + 3)/(-1)?
1
Let u(v) = v**2 + v + 165. Let g be u(0). Suppose j = 6*j - g. What is the tens digit of j?
3
Let l = 9 + -4. Suppose 2*n = l + 9. What is the units digit of n?
7
Suppose -7*q = -3*q - 8. Suppose 0 = q*a - 15 - 63. What is the units digit of a?
9
Let j = -4 - -7. Suppose 5*w - 17 = -2*l, -2*l + 36 = l - j*w. What is the tens digit of l?
1
Let p be 6/(2 - -1) - 2. Suppose p = -i + 1. What is the units digit of i?
1
Let m(o) = 4*o**2 - 2*o - 2. What is the units digit of m(3)?
8
Let j = 897 - 639. What is the hundreds digit of j?
2
Suppose -47 = -4*s + 69. Let t = -10 + 21. Let b = s - t. What is the tens digit of b?
1
Let r(n) = n + 8. Let u be r(-5). Suppose -8*y + u*y = -25. Suppose 0 = y*k + 2*h - 52, -3*k + 27 = 4*h - 7*h. What is the units digit of k?
0
What is the units digit of (8/(-12))/((-6)/369)?
1
Let l = -24 - -49. Let c = 45 - l. Suppose c - 5 = 3*k. What is the units digit of k?
5
Let i(v) = -2*v - 1 + 4*v - 3*v + 8*v. What is the units digit of i(5)?
4
Suppose -4*n + 0*s + 10 = 2*s, s + 15 = 3*n. Suppose n*r = 5*b - 0*b + 34, 3*b + 6 = 0. What is the units digit of r?
6
Let o = 2 - 3. Let h = o - -12. What is the tens digit of h?
1
Let s(c) = 2*c**2 - 6*c - 1. Let l(x) = -4*x**2 + 11*x + 3. Let v(q) = -3*l(q) - 5*s(q). Let t be v(3). Let m = t - 2. What is the units digit of m?
3
What is the tens digit of 33 + -2 - (2 + -1)?
3
Let o = 143 + -70. What is the tens digit of o?
7
Let g(m) = -m**3 + 11*m**2 - 2*m + 26. Let z be g(11). Suppose z*f + 2*d + d - 167 = 0, -2*f - 3*d + 85 = 0. What is the units digit of f?
1
What is the units digit of 22/2 + 42/(-14)?
8
Suppose -6 = -2*r - 0. Suppose 0 = -2*x - 3*o + 16, r*x = 5*o - 3 - 11. Suppose c = -0*c + x. What is the units digit of c?
2
Let x(p) = 4*p - 1. Let o = -3 + 7. Suppose 0 = -o*t + 3*w + 2*w - 3, -2*w = -2*t. What is the tens digit of x(t)?
1
Let w be (-10)/8*20/(-5). Let u = w + -2. Suppose 4*b + 5*r = u, -3*b - r = -0*b - 16. What is the units digit of b?
7
Suppose -38 = -5*p - 8. Let g(q) = 3*q + 9. What is the tens digit of g(p)?
2
Let z = -519 + 825. What is the units digit of z?
6
Let y(r) 